431*b - 1837680 = 351*b. What is the units digit of b?
1
Let o be (-9)/15 + 2/(-5). Let z(w) be the third derivative of -8*w**6/15 - w**5/60 - w**4/12 - w**3/6 + 2783*w**2. What is the units digit of z(o)?
4
Let y = -22445 - -40902. What is the ten thousands digit of y?
1
Suppose -6*f = -1 - 17. Suppose f*n = 4*s - 41 - 866, 0 = -n - 1. What is the hundreds digit of s?
2
Let j be 1*468 - (-10 - -12). Suppose 3*u = -3*f + 4*f + 340, -4*u = 5*f - j. What is the hundreds digit of u?
1
What is the ten thousands digit of 15515 - (-9 - (-6 + -4 + 4))?
1
Let c(w) = 5347*w - 971. What is the ten thousands digit of c(3)?
1
Let y(s) = s**2 + 12*s + 1. Let r be y(-12). Let g be -4 + 4/r + 10. What is the tens digit of g/(-6)*(-63 + 4 - -5)?
9
Suppose 308*i - 10152567 + 1839955 = 0. What is the hundreds digit of i?
9
Let p = 3 + 37. Let s be (6*p/12)/(1*-1). What is the units digit of (-3)/((-3)/(-10)*s/24)?
2
Suppose -2*d + 324911 = 18*d + 11*d. What is the hundreds digit of d?
4
Let f(o) = 40*o**2 - 3*o - 3. Suppose -4*r = 4*z, -2*r - z - 4 = -3*r. What is the tens digit of f(r)?
5
Suppose 4*q - 14*q - 450 = 0. What is the units digit of (-2 + q/18)*-106?
7
Suppose 0 = -2*g - 4*q + 150, 6*g - 3*g - q = 253. Suppose -163 = 2*o - 65. Let n = g - o. What is the units digit of n?
2
Let x(d) = d + 4. Let y(i) = 4*i + 14. Let v(p) = 8*x(p) - 3*y(p). Let m(z) = z + 5. Let r be m(-10). What is the tens digit of v(r)?
1
Suppose 4*g - l + 3*l + 16 = 0, 0 = -2*g - 4*l - 8. Let r be 8/12*(-10)/g*3. Suppose -4*s + 302 = -0*s + 3*d, 241 = 3*s - r*d. What is the tens digit of s?
7
Let d(u) = 78*u**2 + 230*u - 42. What is the units digit of d(-12)?
0
Suppose 4*k + 2623 = 5*k - 7021. What is the hundreds digit of k?
6
Suppose -63*r + 44*r + 57 = 0. What is the hundreds digit of (12/(-12))/(r/(-1119))?
3
Let w(f) = -16*f + 33 + 40*f - 60*f. What is the tens digit of w(-3)?
4
Let d = 117 - 106. Let s(l) = 10*l - 34. Let c be s(d). Suppose 0 = -5*w - 10, -3*u + 2*w - 27 + c = 0. What is the units digit of u?
5
Let p = 26 - 26. Suppose 0 = -t + 3*t + 2*n - 82, p = 5*n + 25. Suppose -3*l + t = u, 4*l = 2*u + 3*u + 74. What is the units digit of l?
6
What is the tens digit of (-72)/3*1*9726/(-24)?
2
Let g be (7/14)/(((-3)/532)/3). Let w be (-26)/(-4)*13/((-91)/g). Let t = w - 170. What is the units digit of t?
7
Let a be ((-1746)/(-10))/(612/(-1020)). Let j be (77 + 2)*(-14)/(-2). Let u = a + j. What is the hundreds digit of u?
2
What is the hundreds digit of 2/(-5)*1*7*(-1226 + 146)?
0
Let q(n) = -24*n**2 + 6*n + 1039. Let r(f) = 35*f**2 - 8*f - 1558. Let i(w) = -7*q(w) - 5*r(w). What is the units digit of i(0)?
7
Let p(b) = -b**3 + 7*b**2 - 10*b + 1. Let n be p(4). Let a(c) = 22*c - 42. Let y be a(n). Suppose y = 11*m - 8*m. What is the units digit of m?
2
Let u(y) = -5*y**2 - 10*y + 5. Let d be u(-5). Let m = d + 251. What is the tens digit of m?
8
Let l be (-4428)/48 + (-6)/8. Let t = 98 + l. Suppose -4*m + t*r + 327 = -125, -m + 128 = -5*r. What is the tens digit of m?
0
Let z(j) = 1 + 92*j - 26*j - 46*j - 9. Suppose 0 = -2*m + 7 + 3. What is the tens digit of z(m)?
9
Let n(m) = 2*m**2 - 12*m + 2. Let y be n(10). Let v = y - 30. What is the units digit of (1/(-2))/((-2)/v)?
3
Let y(l) = 5*l**2 + 13*l - 62. Let t be y(10). Let q = t + -303. What is the hundreds digit of q?
2
Let z(q) = -2*q**2 - 26*q - 23. Let v be z(-12). Let s(d) = 419*d**2 + 10*d - 8. What is the hundreds digit of s(v)?
4
Let k be 5/25 + 244/(-20). What is the tens digit of 6027/14*4*(-2)/k?
8
Suppose 0 = 4*g + 3*l - 2623, 2*g - 3*g + 2*l + 642 = 0. Let u = g + 690. What is the tens digit of u?
4
Let o = 23633 - 13466. What is the tens digit of o?
6
Let z = -606 - -647. Suppose 9698 = z*o - 16501. What is the tens digit of o?
3
Let y = 29 - 26. Let p be -3 - ((-4)/(-6) - 1433/y). Suppose 0 = 5*l - 11 - p. What is the tens digit of l?
9
Suppose 3912 = -j + 3802. Let h = 41 - 93. Let d = h - j. What is the units digit of d?
8
Let t be (-9)/30*-2 - 25380/(-75). Suppose 6*n + t = 3999. What is the tens digit of n?
1
Suppose -4*k - 4*m - 66 + 906 = 0, 4*m = 8. Let r = -124 + k. What is the units digit of r?
4
Suppose 10 = 4*s - 30. Suppose 6 = -x + s. Suppose -8*b = -x*b - 296. What is the tens digit of b?
7
Suppose 2*w - 24 = 3*i - 11, -3*w - i = -14. Suppose p - 4*z = 15, -107*p + 69 = -105*p + w*z. What is the tens digit of p?
2
Suppose 0 = -3*q + 12, -6*q = -3*s - 11*q + 55844. Suppose -18*a + 2*a + s = 0. What is the hundreds digit of a?
1
Let b = 47 + -47. Let h = b - 2. What is the units digit of (2 - 3)/(h/12)?
6
Let o(i) = i**2 + 5*i - 2. Let u be o(-6). Let y(q) be the third derivative of q**6/120 + q**5/30 - q**4/8 + 5*q**3/6 - 3*q**2. What is the tens digit of y(u)?
8
Let q = -307 - -341. Suppose 39*f - 3*h = q*f + 4090, -1627 = -2*f + 3*h. What is the hundreds digit of f?
8
Let o = 219014 + -151050. What is the units digit of o?
4
Let d(x) = -30*x + 23. Let k(a) = 15*a - 11. Suppose -3*i - 4 = -1, 4*w - 3*i + 17 = 0. Let b(p) = w*k(p) - 3*d(p). What is the units digit of b(8)?
6
Let m be (1/1)/(4/8) - -14. Suppose m - 6 = -5*l. What is the tens digit of l + ((-10)/15)/((-2)/99)?
3
What is the hundreds digit of 7767/1*70/45?
0
Suppose -2*g + 1320 = 6*g. Let c be (42/15 - -2) + (-1)/(-5). Suppose -4*b - 35 + g = c*q, 0 = 2*b. What is the tens digit of q?
2
Let t = -9593 + 18064. What is the tens digit of t?
7
Let c(q) = 21*q + 3122. What is the hundreds digit of c(0)?
1
Let p(s) = 7*s**2 + 73*s - 430. What is the units digit of p(-47)?
2
Let w(k) = k**3 - 48*k**2 - 80*k - 218. What is the thousands digit of w(53)?
9
Suppose -4295 = -4*f - 5*p, -p + 5*p = -4. Let b be ((-28)/(-4) + -2)*84/140. Suppose w - 4*w - 4*x = -634, -b*x = 5*w - f. What is the tens digit of w?
1
Suppose 3*l = 2*x - 6732, 6700 = 2*x - 0*l + 5*l. What is the thousands digit of x?
3
Suppose 2 = -2*s, -5*s + s = h - 758. Suppose 3*q - h = 696. What is the tens digit of q?
8
Let f be (9 + (-39)/6)/((-2)/268). Let p = f + 435. What is the units digit of p?
0
Suppose s + 3*s - 21 = -3*q, 5*q = 4*s + 3. Suppose -2*b = s*f - 71, 2*b - 73 = -3*f + b. What is the units digit of f?
5
Suppose 6*l - 7*l + 5 = 0. Suppose 4*f = 3*g - 343, l*g - 3*f - 591 = -6*f. Suppose -j - 2*j = -b + g, 5*j + 447 = 4*b. What is the hundreds digit of b?
1
Suppose -5*r - 52407 = -19*z + 15*z, 0 = 2*z + 2*r - 26172. What is the ten thousands digit of z?
1
Suppose -2665*z + 2653*z + 277824 = 0. What is the units digit of z?
2
Suppose -12 = 2*d - 7*d + 4*q, 3 = 5*d - q. Suppose 11*b + i = 15*b - 67, d = 3*i - 3. What is the tens digit of b?
1
Let m(y) = -y**3 + 23*y**2 - 77*y + 21. Let c be m(19). What is the hundreds digit of (-3236)/(-8) - 3/c?
4
Suppose -1607364 = -195*g + 1193695 + 2571776. What is the units digit of g?
3
What is the tens digit of -3 + (23701 - -9 - (-80)/(-8))?
9
Let c be -10*(56/10)/(-2). Suppose 77*n - 7695 = -50*n + 1449. Let b = n + c. What is the tens digit of b?
0
Let o(g) = -g**2 + 4*g - 2. Let h be o(3). Suppose -w - r + 8 = h, -1 = -w + r. Suppose -w*i + 344 = 40. What is the tens digit of i?
7
Let b = -4527 - -11282. What is the units digit of b?
5
Suppose 0 = 5928*w - 5916*w - 2124. What is the hundreds digit of w?
1
Suppose 4*g + 260 = 4*i - 0*i, -5*i + 262 = -4*g. Let f(n) = 2*n**2 + 32*n + 52. Let l be f(-17). Let r = l + g. What is the units digit of r?
3
Suppose -10*o + 13*o = -3*w + 15, 0 = -4*w - o + 26. Let p(z) = 0 - 21*z + 5 + 0 + 4*z**2. What is the tens digit of p(w)?
5
Suppose 94*u = 124*u - 205530. What is the thousands digit of u?
6
Let b = 10380 + -22. What is the ten thousands digit of b?
1
What is the units digit of (-17 - -7) + 7217 + -46?
1
Let n(i) = -8*i + 258*i**3 - 259*i**3 + 2*i**2 - 41 + 5*i**2 + 6*i**2. What is the units digit of n(12)?
7
Let j be 4*(55/(-5) - 2). Let h = j - -95. Let m = 20 + h. What is the units digit of m?
3
Suppose 0 = -r + 6 - 7, 3*c + 2*r = 1594. Let y = 1600 - c. What is the units digit of y?
8
What is the thousands digit of 33009/9*(-5 - (-4 + -4)) - 4?
0
Let o(i) = -2*i - 10. Let j be o(-6). Let u be 5/(-15)*-3*j. Suppose -21 = u*y - 133. What is the tens digit of y?
5
Let s(g) = -18*g**3 - g**2 + 9*g + 20. Let k be s(-2). Let x = 334 - k. What is the tens digit of x?
9